{"id":2983,"date":"2019-04-24T13:16:37","date_gmt":"2019-04-24T18:16:37","guid":{"rendered":"https:\/\/old.gobiernodezapotillo.gob.ec\/?page_id=2983"},"modified":"2020-08-09T20:11:10","modified_gmt":"2020-08-10T01:11:10","slug":"rendicion-de-cuentas-2018","status":"publish","type":"page","link":"https:\/\/old.gobiernodezapotillo.gob.ec\/?page_id=2983","title":{"rendered":"RENDICI\u00d3N DE CUENTAS 2018"},"content":{"rendered":"<h4><strong>FASES DEL PROCESO DE RENDICI\u00d3N DE CUENTAS<\/strong><\/h4>\n<p><strong>FASE1. <\/strong>Planificaci\u00f3n y facilitaci\u00f3n del proceso de rendici\u00f3n de cuentas por la asamblea ciudadana.<\/p>\n<p><strong>FASE2. <\/strong>Evaluaci\u00f3n de la gesti\u00f3n y elaboraci\u00f3n del informe de rendici\u00f3n de cuentas.<\/p>\n<p><strong>FASE3. <\/strong>Deliberaci\u00f3n p\u00fablica y evaluaci\u00f3n ciudadana del informe de rendici\u00f3n de cuentas.<\/p>\n<p><strong>FASE4. <\/strong>Presentaci\u00f3n del informe final de rendici\u00f3n de cuentas que incluya la opini\u00f3n ciudadana y su plan de atenci\u00f3n, monitoreo y seguimiento<\/p>\n<p><strong style=\"font-size: 1.4em;\">MEDIOS DE VERIFICACI\u00d3N&nbsp;<\/strong><\/p>\n<p style=\"text-align: center;\">INICIO DEL PROCESO<\/p>\n<a href=\"https:\/\/old.gobiernodezapotillo.gob.ec\/wp-content\/uploads\/2020\/08\/oficio.pdf\" class=\"pdfemb-viewer\" style=\"\" data-width=\"max\" data-height=\"max\"  data-toolbar=\"bottom\" data-toolbar-fixed=\"off\">oficio<br\/><\/a>\n<p style=\"text-align: center;\">CONVOCATORIA<\/p>\n<p style=\"text-align: center;\"><a href=\"https:\/\/old.gobiernodezapotillo.gob.ec\/wp-content\/uploads\/2020\/08\/convocatoria.pdf\" class=\"pdfemb-viewer\" style=\"\" data-width=\"max\" data-height=\"max\"  data-toolbar=\"bottom\" data-toolbar-fixed=\"off\">convocatoria<br\/><\/a>FIRMAS<\/p>\n<p style=\"text-align: center;\">INFORME DE RENDICI\u00d3N DE CUENTAS<\/p>\n<a href=\"https:\/\/old.gobiernodezapotillo.gob.ec\/wp-content\/uploads\/2020\/08\/FINAL-Rendicion-de-cuentas-2018.pdf\" class=\"pdfemb-viewer\" style=\"\" data-width=\"max\" data-height=\"max\"  data-toolbar=\"bottom\" data-toolbar-fixed=\"off\">FINAL Rendicion de cuentas 2018<br\/><\/a>\n<p style=\"text-align: center;\">FIRMAS DE ASISTENCIA AL EVENTO<\/p>\n<a href=\"https:\/\/old.gobiernodezapotillo.gob.ec\/wp-content\/uploads\/2020\/08\/registro-asistencia.pdf\" class=\"pdfemb-viewer\" style=\"\" data-width=\"max\" data-height=\"max\"  data-toolbar=\"bottom\" data-toolbar-fixed=\"off\">registro asistencia<br\/><\/a>\n<p>&nbsp;<\/p>\n\n\n<p><\/p>\n","protected":false},"excerpt":{"rendered":"<p>FASES DEL PROCESO DE RENDICI\u00d3N DE CUENTAS FASE1. Planificaci\u00f3n y facilitaci\u00f3n del proceso de rendici\u00f3n de cuentas por la asamblea ciudadana. FASE2. Evaluaci\u00f3n de la&hellip;<\/p>\n","protected":false},"author":1,"featured_media":0,"parent":0,"menu_order":0,"comment_status":"closed","ping_status":"closed","template":"","meta":[],"_links":{"self":[{"href":"https:\/\/old.gobiernodezapotillo.gob.ec\/index.php?rest_route=\/wp\/v2\/pages\/2983"}],"collection":[{"href":"https:\/\/old.gobiernodezapotillo.gob.ec\/index.php?rest_route=\/wp\/v2\/pages"}],"about":[{"href":"https:\/\/old.gobiernodezapotillo.gob.ec\/index.php?rest_route=\/wp\/v2\/types\/page"}],"author":[{"embeddable":true,"href":"https:\/\/old.gobiernodezapotillo.gob.ec\/index.php?rest_route=\/wp\/v2\/users\/1"}],"replies":[{"embeddable":true,"href":"https:\/\/old.gobiernodezapotillo.gob.ec\/index.php?rest_route=%2Fwp%2Fv2%2Fcomments&post=2983"}],"version-history":[{"count":15,"href":"https:\/\/old.gobiernodezapotillo.gob.ec\/index.php?rest_route=\/wp\/v2\/pages\/2983\/revisions"}],"predecessor-version":[{"id":4340,"href":"https:\/\/old.gobiernodezapotillo.gob.ec\/index.php?rest_route=\/wp\/v2\/pages\/2983\/revisions\/4340"}],"wp:attachment":[{"href":"https:\/\/old.gobiernodezapotillo.gob.ec\/index.php?rest_route=%2Fwp%2Fv2%2Fmedia&parent=2983"}],"curies":[{"name":"wp","href":"https:\/\/api.w.org\/{rel}","templated":true}]}}