{"id":2814,"date":"2018-07-18T13:53:09","date_gmt":"2018-07-18T18:53:09","guid":{"rendered":"https:\/\/old.gobiernodezapotillo.gob.ec\/?page_id=2814"},"modified":"2020-09-26T15:26:58","modified_gmt":"2020-09-26T20:26:58","slug":"vision","status":"publish","type":"page","link":"https:\/\/old.gobiernodezapotillo.gob.ec\/?page_id=2814","title":{"rendered":"VISI\u00d3N"},"content":{"rendered":"<div class=\"page\" title=\"Page 8\">\n<div class=\"layoutArea\">\n<div class=\"column\">\n<p>El Gobierno Aut\u00f3nomo Descentralizado del cant\u00f3n Zapotillo enfoca su misi\u00f3n al desarrollo integral del territorio dotando de servicios b\u00e1sicos en comunidades donde estas necesidades a\u00fan est\u00e1n insatisfechas: y, aprovechando las potencialidades de nuestro cant\u00f3n, creando oportunidades que generen trabajo.<\/p>\n<p>El turismo, educaci\u00f3n, cultura, deporte, la producci\u00f3n agropecuaria, el comercio deben ser \u00e1reas generadoras de desarrollo para Zapotillo.<\/p>\n<p>La solidaridad con los sectores vulnerables de la sociedad zapotillana ser\u00e1 parte de la pol\u00edtica social de intervenci\u00f3n del Gad Cantonal, en temas de vivienda, educaci\u00f3n y salud, que les permita mejorar sus condiciones de vida a los pobladores, y de este manera promover la construcci\u00f3n de una sociedad justa.<\/p>\n<\/div>\n<\/div>\n<\/div>\n","protected":false},"excerpt":{"rendered":"<p>El Gobierno Aut\u00f3nomo Descentralizado del cant\u00f3n Zapotillo enfoca su misi\u00f3n al desarrollo integral del territorio dotando de servicios b\u00e1sicos en comunidades donde estas necesidades a\u00fan&hellip;<\/p>\n","protected":false},"author":1,"featured_media":0,"parent":0,"menu_order":0,"comment_status":"closed","ping_status":"closed","template":"","meta":[],"_links":{"self":[{"href":"https:\/\/old.gobiernodezapotillo.gob.ec\/index.php?rest_route=\/wp\/v2\/pages\/2814"}],"collection":[{"href":"https:\/\/old.gobiernodezapotillo.gob.ec\/index.php?rest_route=\/wp\/v2\/pages"}],"about":[{"href":"https:\/\/old.gobiernodezapotillo.gob.ec\/index.php?rest_route=\/wp\/v2\/types\/page"}],"author":[{"embeddable":true,"href":"https:\/\/old.gobiernodezapotillo.gob.ec\/index.php?rest_route=\/wp\/v2\/users\/1"}],"replies":[{"embeddable":true,"href":"https:\/\/old.gobiernodezapotillo.gob.ec\/index.php?rest_route=%2Fwp%2Fv2%2Fcomments&post=2814"}],"version-history":[{"count":4,"href":"https:\/\/old.gobiernodezapotillo.gob.ec\/index.php?rest_route=\/wp\/v2\/pages\/2814\/revisions"}],"predecessor-version":[{"id":3029,"href":"https:\/\/old.gobiernodezapotillo.gob.ec\/index.php?rest_route=\/wp\/v2\/pages\/2814\/revisions\/3029"}],"wp:attachment":[{"href":"https:\/\/old.gobiernodezapotillo.gob.ec\/index.php?rest_route=%2Fwp%2Fv2%2Fmedia&parent=2814"}],"curies":[{"name":"wp","href":"https:\/\/api.w.org\/{rel}","templated":true}]}}