{"id":2230,"date":"2017-06-20T16:08:30","date_gmt":"2017-06-20T21:08:30","guid":{"rendered":"https:\/\/old.gobiernodezapotillo.gob.ec\/?page_id=2230"},"modified":"2019-08-01T14:12:32","modified_gmt":"2019-08-01T19:12:32","slug":"rendicion-de-cuentas-2016","status":"publish","type":"page","link":"https:\/\/old.gobiernodezapotillo.gob.ec\/?page_id=2230","title":{"rendered":"RENDICI\u00d3N DE CUENTAS 2016"},"content":{"rendered":"<p>FASES DEL PROCESO DE RENDICI\u00d3N DE CUENTAS<\/p>\n<p>Fase 1<\/p>\n<ol>\n<li style=\"text-align: justify;\">LA CIUDADAN\u00cdA \/ ASAMBLEA LOCAL CIUDADANA PRESENT\u00d3 LA LISTA DE TEMAS SOBRE LOS QUE DESEA SER INFORMADA.<\/li>\n<li style=\"text-align: justify;\">LA INSTANCIA DE PARTICIPACI\u00d3N DEL TERRITORIO \/ GAD CRE\u00d3 EL EQUIPO T\u00c9CNICO MIXTO Y PARITARIO (CIUDADANOS Y AUTORIDADES\/T\u00c9CNICOS DEL GAD) QUE SE ENCARGAR\u00c1 DE ORGANIZAR Y FACILITAR EL PROCESO<\/li>\n<li style=\"text-align: justify;\">EL EQUIPO T\u00c9CNICO MIXTO Y PARITARIO (CIUDADANOS Y AUTORIDADES\/T\u00c9CNICOS DEL GAD) CONFORM\u00d3 DOS SUBCOMISIONES PARA LA IMPLEMENTACI\u00d3N DEL PROCESO: UNA LIDERADA POR EL GAD Y UNA LIDERADA POR LA CIUDADAN\u00cdA \/ ASAMBLEA CIUDADANA<\/li>\n<\/ol>\n<p>Fase 2<\/p>\n<ol>\n<li style=\"text-align: justify;\">LA COMISI\u00d3N CONFORMADA POR EL EQUIPO T\u00c9CNICO MIXTO LIDERADA POR EL GAD REALIZ\u00d3 LA EVALUACI\u00d3N DE LA GESTI\u00d3N INSTITUCIONAL.<\/li>\n<li style=\"text-align: justify;\">LA COMISI\u00d3N LIDERADA POR EL GAD REDACT\u00d3 EL INFORME PARA LA CIUDADAN\u00cdA, EN EL CUAL RESPONDI\u00d3 LAS DEMANDAS DE LA CIUDADAN\u00cdA Y MOSTR\u00d3 AVANCES PARA DISMINUIR BRECHAS DE DESIGUALDAD Y OTRAS DIRIGIDAS A GRUPOS DE ATENCI\u00d3N PRIORITARIA.<\/li>\n<li style=\"text-align: justify;\">LA COMISI\u00d3N LIDERADA POR EL GAD LLEN\u00d3 EL FORMULARIO DE INFORME DE RENDICI\u00d3N DE CUENTAS ESTABLECIDO POR EL CPCCS.<\/li>\n<li style=\"text-align: justify;\">TANTO EL INFORME DE RENDICI\u00d3N DE CUENTAS PARA EL CPCCS (FORMULARIO), COMO EL INFORME DE RENDICI\u00d3N DE CUENTAS PARA LA CIUDADAN\u00cdA FUERON APROBADOS POR LA AUTORIDAD DEL GAD<\/li>\n<li style=\"text-align: justify;\">EL GAD ENVI\u00d3 EL INFORME DE RENDICI\u00d3N DE CUENTAS INSTITUCIONAL A LA INSTANCIA DE PARTICIPACI\u00d3N Y A LA ASAMBLEA CIUDADANA<\/li>\n<\/ol>\n<p>Fase 3<\/p>\n<ol>\n<li style=\"text-align: justify;\">&nbsp;EL GAD ZAPOTILLO DIFUNDI\u00d3 EL INFORME DE RENDICI\u00d3N DE CUENTAS A TRAV\u00c9S DE PAGINA <a href=\"http:\/\/WWW.GOBIERNODEZAPOTILLO.GOB.EC\">WWW.GOBIERNODEZAPOTILLO.GOB.EC<\/a>, A TRAVES DE RADIO GUAYACAN 96.9, REDES SOCIALES (FACEBOOK, TWITTER).<\/li>\n<li style=\"text-align: justify;\">EL GAD INVIT\u00d3 A LA DELIBERACI\u00d3N P\u00daBLICA Y EVALUACI\u00d3N CIUDADANA DEL INFORME DE RENDICI\u00d3N DE CUENTAS A LOS ACTORES SOCIALES DEL MAPEO DE ACTORES QUE ENTREG\u00d3 LA ASAMBLEA CIUDADANA.<\/li>\n<li style=\"text-align: justify;\">LA DELIBERACI\u00d3N P\u00daBLICA Y EVALUACI\u00d3N CIUDADANA DEL INFORME INSTITUCIONAL SE REALIZ\u00d3 DE FORMA PRESENCIAL.<\/li>\n<li style=\"text-align: justify;\">LA ASAMBLEA CIUDADANA \/ CIUDADAN\u00cdA CONT\u00d3 CON UN TIEMPO DE EXPOSICI\u00d3N DE 30 MINUTOS EN LA AGENDA DE LA DELIBERACI\u00d3N P\u00daBLICA Y EVALUACI\u00d3N CIUDADANA DEL INFORME DE RENDICI\u00d3N DE CUENTAS DEL GAD.<\/li>\n<li style=\"text-align: justify;\">UNA VEZ QUE LA ASAMBLEA CIUDADANA \/ CIUDADAN\u00cdA PRESENT\u00d3 SUS OPINIONES, LA M\u00c1XIMA AUTORIDAD DEL GAD EXPUSO SU INFORME DE RENDICI\u00d3N DE CUENTAS.<\/li>\n<li style=\"text-align: justify;\">EN LA DELIBERACI\u00d3N P\u00daBLICA DE RENDICI\u00d3N DE CUENTAS, LA M\u00c1XIMA AUTORIDAD DEL GAD RESPONDI\u00d3 LAS DEMANDAS CIUDADANAS.<\/li>\n<li style=\"text-align: justify;\">EN ESTA DELIBERACI\u00d3N P\u00daBLICA DE RENDICI\u00d3N DE CUENTAS SE CONFORMARON LAS MESAS DE TRABAJO O COMISIONES PARA QUE LOS CIUDADANOS Y CIUDADANAS DEBATAN Y ELABOREN LAS RECOMENDACIONES PARA MEJORAR LA GESTI\u00d3N DEL GAD.<\/li>\n<li style=\"text-align: justify;\">LA COMISI\u00d3N RESPONSABLE RECOGI\u00d3 LAS SUGERENCIAS CIUDADANAS DE CADA MESA QUE SE PRESENTARON EN PLENARIA.<\/li>\n<li style=\"text-align: justify;\">LOS REPRESENTANTES CIUDADANOS \/ ASAMBLEA CIUDADANA FIRMARON EL ACTA EN LA QUE SE RECOGI\u00d3 LAS SUGERENCIAS CIUDADANAS QUE SE PRESENTARON EN LA PLENARIA.<\/li>\n<\/ol>\n<p><strong>Medios de Verificaci\u00f3n<\/strong><\/p>\n<p><strong>Firmas de Asistencia a la Rendici\u00f3n de Cuentas<\/strong><\/p>\n<iframe src=\"\/\/docs.google.com\/viewer?url=https%3A%2F%2Fold.gobiernodezapotillo.gob.ec%2Fwp-content%2Fuploads%2F2017%2F06%2Frevista-final-zapotillo-4.pdf&hl=es&embedded=true\" class=\"gde-frame\" style=\"width:100%; height:500px; border: none;\" scrolling=\"no\"><\/iframe>\n<p class=\"gde-text\"><a href=\"https:\/\/old.gobiernodezapotillo.gob.ec\/wp-content\/uploads\/2017\/06\/revista-final-zapotillo-4.pdf\" class=\"gde-link\">Descargar (PDF, Desconocido)<\/a><\/p> <iframe src=\"\/\/docs.google.com\/viewer?url=https%3A%2F%2Fold.gobiernodezapotillo.gob.ec%2Fwp-content%2Fuploads%2F2017%2F06%2FDigitalizaci%C3%B3n-r%C3%A1pida-a-color-a-un-archivo_10985-2.pdf&hl=es&embedded=true\" class=\"gde-frame\" style=\"width:100%; height:500px; border: none;\" scrolling=\"no\"><\/iframe>\n<p class=\"gde-text\"><a href=\"https:\/\/old.gobiernodezapotillo.gob.ec\/wp-content\/uploads\/2017\/06\/Digitalizaci\u00f3n-r\u00e1pida-a-color-a-un-archivo_10985-2.pdf\" class=\"gde-link\">Descargar (PDF, 14KB)<\/a><\/p>\n<p><span style=\"color: #000000;\"><b>V\u00eddeo<\/b><\/span><strong>&nbsp;de Rendici\u00f3n de Cuentas<\/strong><\/p>\n<p><iframe loading=\"lazy\" title=\"ZAPOTILLO VIDEO RC\" width=\"843\" height=\"474\" src=\"https:\/\/www.youtube.com\/embed\/jipYfpm4_Kg?feature=oembed\" frameborder=\"0\" allow=\"accelerometer; autoplay; encrypted-media; gyroscope; picture-in-picture\" allowfullscreen><\/iframe><\/p>\n<p><strong>Revista de Rendici\u00f3n de Cuentas<\/strong><\/p>\n<p>&nbsp;<br \/>\n<object style=\"width: 800px; height: 400px; border: 1px solid black;\" data=\"https:\/\/old.gobiernodezapotillo.gob.ec\/wp-content\/uploads\/2017\/06\/revista-final-zapotillo-4.pdf\" width=\"300\" height=\"150\"><embed src=\"http:\/\/www.tuwebsuperchula.com\/ruta-al-archivo.pdf?#zoom=85&amp;scrollbar=0&amp;toolbar=0&amp;navpanes=0\" type=\"application\/pdf\"><\/object><\/p>\n<p><strong>Acta Final de Rendici\u00f3n de Cuentas<\/strong><\/p>\n<iframe src=\"\/\/docs.google.com\/viewer?url=https%3A%2F%2Fold.gobiernodezapotillo.gob.ec%2Fwp-content%2Fuploads%2F2017%2F06%2FRENDICION-CUENTAS.pdf&hl=es&embedded=true\" class=\"gde-frame\" style=\"width:100%; height:500px; border: none;\" scrolling=\"no\"><\/iframe>\n<p class=\"gde-text\"><a href=\"https:\/\/old.gobiernodezapotillo.gob.ec\/wp-content\/uploads\/2017\/06\/RENDICION-CUENTAS.pdf\" class=\"gde-link\">Descargar (PDF, Desconocido)<\/a><\/p>\n<p><strong>Fotograf\u00edas de Rendici\u00f3n de Cuentas<\/strong><\/p>\n<p><img loading=\"lazy\" class=\"alignnone size-full wp-image-2242\" src=\"https:\/\/old.gobiernodezapotillo.gob.ec\/wp-content\/uploads\/2017\/06\/19433480_1032555330208488_722475686_n.jpg\" alt=\"\" width=\"960\" height=\"635\" srcset=\"https:\/\/old.gobiernodezapotillo.gob.ec\/wp-content\/uploads\/2017\/06\/19433480_1032555330208488_722475686_n.jpg 960w, https:\/\/old.gobiernodezapotillo.gob.ec\/wp-content\/uploads\/2017\/06\/19433480_1032555330208488_722475686_n-768x508.jpg 768w, https:\/\/old.gobiernodezapotillo.gob.ec\/wp-content\/uploads\/2017\/06\/19433480_1032555330208488_722475686_n-227x150.jpg 227w, https:\/\/old.gobiernodezapotillo.gob.ec\/wp-content\/uploads\/2017\/06\/19433480_1032555330208488_722475686_n-150x99.jpg 150w\" sizes=\"(max-width: 960px) 100vw, 960px\" \/><img loading=\"lazy\" class=\"alignnone size-full wp-image-2243\" src=\"https:\/\/old.gobiernodezapotillo.gob.ec\/wp-content\/uploads\/2017\/06\/19415642_1032555333541821_1602294741_n.jpg\" alt=\"\" width=\"960\" height=\"635\" srcset=\"https:\/\/old.gobiernodezapotillo.gob.ec\/wp-content\/uploads\/2017\/06\/19415642_1032555333541821_1602294741_n.jpg 960w, https:\/\/old.gobiernodezapotillo.gob.ec\/wp-content\/uploads\/2017\/06\/19415642_1032555333541821_1602294741_n-768x508.jpg 768w, https:\/\/old.gobiernodezapotillo.gob.ec\/wp-content\/uploads\/2017\/06\/19415642_1032555333541821_1602294741_n-227x150.jpg 227w, https:\/\/old.gobiernodezapotillo.gob.ec\/wp-content\/uploads\/2017\/06\/19415642_1032555333541821_1602294741_n-150x99.jpg 150w\" sizes=\"(max-width: 960px) 100vw, 960px\" \/> <img loading=\"lazy\" class=\"alignnone size-full wp-image-2244\" src=\"https:\/\/old.gobiernodezapotillo.gob.ec\/wp-content\/uploads\/2017\/06\/19415838_1032555586875129_1973081754_n.jpg\" alt=\"\" width=\"960\" height=\"635\" srcset=\"https:\/\/old.gobiernodezapotillo.gob.ec\/wp-content\/uploads\/2017\/06\/19415838_1032555586875129_1973081754_n.jpg 960w, https:\/\/old.gobiernodezapotillo.gob.ec\/wp-content\/uploads\/2017\/06\/19415838_1032555586875129_1973081754_n-768x508.jpg 768w, https:\/\/old.gobiernodezapotillo.gob.ec\/wp-content\/uploads\/2017\/06\/19415838_1032555586875129_1973081754_n-227x150.jpg 227w, https:\/\/old.gobiernodezapotillo.gob.ec\/wp-content\/uploads\/2017\/06\/19415838_1032555586875129_1973081754_n-150x99.jpg 150w\" sizes=\"(max-width: 960px) 100vw, 960px\" \/> <img loading=\"lazy\" class=\"alignnone size-full wp-image-2246\" src=\"https:\/\/old.gobiernodezapotillo.gob.ec\/wp-content\/uploads\/2017\/06\/19415864_1032555596875128_1750272210_n.jpg\" alt=\"\" width=\"960\" height=\"635\" srcset=\"https:\/\/old.gobiernodezapotillo.gob.ec\/wp-content\/uploads\/2017\/06\/19415864_1032555596875128_1750272210_n.jpg 960w, https:\/\/old.gobiernodezapotillo.gob.ec\/wp-content\/uploads\/2017\/06\/19415864_1032555596875128_1750272210_n-768x508.jpg 768w, https:\/\/old.gobiernodezapotillo.gob.ec\/wp-content\/uploads\/2017\/06\/19415864_1032555596875128_1750272210_n-227x150.jpg 227w, https:\/\/old.gobiernodezapotillo.gob.ec\/wp-content\/uploads\/2017\/06\/19415864_1032555596875128_1750272210_n-150x99.jpg 150w\" sizes=\"(max-width: 960px) 100vw, 960px\" \/> <img loading=\"lazy\" class=\"alignnone size-full wp-image-2248\" src=\"https:\/\/old.gobiernodezapotillo.gob.ec\/wp-content\/uploads\/2017\/06\/19427447_1032555900208431_1907769005_n.jpg\" alt=\"\" width=\"960\" height=\"635\" srcset=\"https:\/\/old.gobiernodezapotillo.gob.ec\/wp-content\/uploads\/2017\/06\/19427447_1032555900208431_1907769005_n.jpg 960w, https:\/\/old.gobiernodezapotillo.gob.ec\/wp-content\/uploads\/2017\/06\/19427447_1032555900208431_1907769005_n-768x508.jpg 768w, https:\/\/old.gobiernodezapotillo.gob.ec\/wp-content\/uploads\/2017\/06\/19427447_1032555900208431_1907769005_n-227x150.jpg 227w, https:\/\/old.gobiernodezapotillo.gob.ec\/wp-content\/uploads\/2017\/06\/19427447_1032555900208431_1907769005_n-150x99.jpg 150w\" sizes=\"(max-width: 960px) 100vw, 960px\" \/> <img loading=\"lazy\" class=\"alignnone size-full wp-image-2249\" src=\"https:\/\/old.gobiernodezapotillo.gob.ec\/wp-content\/uploads\/2017\/06\/19427513_1032555886875099_435173288_n.jpg\" alt=\"\" width=\"960\" height=\"635\" srcset=\"https:\/\/old.gobiernodezapotillo.gob.ec\/wp-content\/uploads\/2017\/06\/19427513_1032555886875099_435173288_n.jpg 960w, https:\/\/old.gobiernodezapotillo.gob.ec\/wp-content\/uploads\/2017\/06\/19427513_1032555886875099_435173288_n-768x508.jpg 768w, https:\/\/old.gobiernodezapotillo.gob.ec\/wp-content\/uploads\/2017\/06\/19427513_1032555886875099_435173288_n-227x150.jpg 227w, https:\/\/old.gobiernodezapotillo.gob.ec\/wp-content\/uploads\/2017\/06\/19427513_1032555886875099_435173288_n-150x99.jpg 150w\" sizes=\"(max-width: 960px) 100vw, 960px\" \/> <img loading=\"lazy\" class=\"alignnone size-full wp-image-2250\" src=\"https:\/\/old.gobiernodezapotillo.gob.ec\/wp-content\/uploads\/2017\/06\/19427519_1032556386875049_156150829_n.jpg\" alt=\"\" width=\"960\" height=\"635\" srcset=\"https:\/\/old.gobiernodezapotillo.gob.ec\/wp-content\/uploads\/2017\/06\/19427519_1032556386875049_156150829_n.jpg 960w, https:\/\/old.gobiernodezapotillo.gob.ec\/wp-content\/uploads\/2017\/06\/19427519_1032556386875049_156150829_n-768x508.jpg 768w, https:\/\/old.gobiernodezapotillo.gob.ec\/wp-content\/uploads\/2017\/06\/19427519_1032556386875049_156150829_n-227x150.jpg 227w, https:\/\/old.gobiernodezapotillo.gob.ec\/wp-content\/uploads\/2017\/06\/19427519_1032556386875049_156150829_n-150x99.jpg 150w\" sizes=\"(max-width: 960px) 100vw, 960px\" \/> <img loading=\"lazy\" class=\"alignnone size-full wp-image-2251\" src=\"https:\/\/old.gobiernodezapotillo.gob.ec\/wp-content\/uploads\/2017\/06\/19427600_1032556533541701_265903689_n.jpg\" alt=\"\" width=\"960\" height=\"635\" srcset=\"https:\/\/old.gobiernodezapotillo.gob.ec\/wp-content\/uploads\/2017\/06\/19427600_1032556533541701_265903689_n.jpg 960w, https:\/\/old.gobiernodezapotillo.gob.ec\/wp-content\/uploads\/2017\/06\/19427600_1032556533541701_265903689_n-768x508.jpg 768w, https:\/\/old.gobiernodezapotillo.gob.ec\/wp-content\/uploads\/2017\/06\/19427600_1032556533541701_265903689_n-227x150.jpg 227w, https:\/\/old.gobiernodezapotillo.gob.ec\/wp-content\/uploads\/2017\/06\/19427600_1032556533541701_265903689_n-150x99.jpg 150w\" sizes=\"(max-width: 960px) 100vw, 960px\" \/> <img loading=\"lazy\" class=\"alignnone size-full wp-image-2252\" src=\"https:\/\/old.gobiernodezapotillo.gob.ec\/wp-content\/uploads\/2017\/06\/19427625_1032556526875035_882584234_n.jpg\" alt=\"\" width=\"960\" height=\"635\" srcset=\"https:\/\/old.gobiernodezapotillo.gob.ec\/wp-content\/uploads\/2017\/06\/19427625_1032556526875035_882584234_n.jpg 960w, https:\/\/old.gobiernodezapotillo.gob.ec\/wp-content\/uploads\/2017\/06\/19427625_1032556526875035_882584234_n-768x508.jpg 768w, https:\/\/old.gobiernodezapotillo.gob.ec\/wp-content\/uploads\/2017\/06\/19427625_1032556526875035_882584234_n-227x150.jpg 227w, https:\/\/old.gobiernodezapotillo.gob.ec\/wp-content\/uploads\/2017\/06\/19427625_1032556526875035_882584234_n-150x99.jpg 150w\" sizes=\"(max-width: 960px) 100vw, 960px\" \/> <img loading=\"lazy\" class=\"alignnone size-full wp-image-2253\" src=\"https:\/\/old.gobiernodezapotillo.gob.ec\/wp-content\/uploads\/2017\/06\/19427655_1032556536875034_802070408_n.jpg\" alt=\"\" width=\"960\" height=\"635\" srcset=\"https:\/\/old.gobiernodezapotillo.gob.ec\/wp-content\/uploads\/2017\/06\/19427655_1032556536875034_802070408_n.jpg 960w, https:\/\/old.gobiernodezapotillo.gob.ec\/wp-content\/uploads\/2017\/06\/19427655_1032556536875034_802070408_n-768x508.jpg 768w, https:\/\/old.gobiernodezapotillo.gob.ec\/wp-content\/uploads\/2017\/06\/19427655_1032556536875034_802070408_n-227x150.jpg 227w, https:\/\/old.gobiernodezapotillo.gob.ec\/wp-content\/uploads\/2017\/06\/19427655_1032556536875034_802070408_n-150x99.jpg 150w\" sizes=\"(max-width: 960px) 100vw, 960px\" \/> <img loading=\"lazy\" class=\"alignnone size-full wp-image-2254\" src=\"https:\/\/old.gobiernodezapotillo.gob.ec\/wp-content\/uploads\/2017\/06\/19433426_1032556360208385_486347035_n.jpg\" alt=\"\" width=\"960\" height=\"635\" srcset=\"https:\/\/old.gobiernodezapotillo.gob.ec\/wp-content\/uploads\/2017\/06\/19433426_1032556360208385_486347035_n.jpg 960w, https:\/\/old.gobiernodezapotillo.gob.ec\/wp-content\/uploads\/2017\/06\/19433426_1032556360208385_486347035_n-768x508.jpg 768w, https:\/\/old.gobiernodezapotillo.gob.ec\/wp-content\/uploads\/2017\/06\/19433426_1032556360208385_486347035_n-227x150.jpg 227w, https:\/\/old.gobiernodezapotillo.gob.ec\/wp-content\/uploads\/2017\/06\/19433426_1032556360208385_486347035_n-150x99.jpg 150w\" sizes=\"(max-width: 960px) 100vw, 960px\" \/><\/p>\n<iframe src=\"\/\/docs.google.com\/viewer?url=https%3A%2F%2Fold.gobiernodezapotillo.gob.ec%2Fwp-content%2Fuploads%2F2017%2F06%2Ffirma.pdf&hl=es&embedded=true\" class=\"gde-frame\" style=\"width:100%; height:500px; border: none;\" scrolling=\"no\"><\/iframe>\n<p class=\"gde-text\"><a href=\"https:\/\/old.gobiernodezapotillo.gob.ec\/wp-content\/uploads\/2017\/06\/firma.pdf\" class=\"gde-link\">Descargar (PDF, Desconocido)<\/a><\/p>\n<iframe src=\"\/\/docs.google.com\/viewer?url=https%3A%2F%2Fold.gobiernodezapotillo.gob.ec%2Fwp-content%2Fuploads%2F2017%2F06%2Fhoja-de-ruta-rectificada.pdf&hl=es&embedded=true\" class=\"gde-frame\" style=\"width:100%; height:500px; border: none;\" scrolling=\"no\"><\/iframe>\n<p class=\"gde-text\"><a href=\"https:\/\/old.gobiernodezapotillo.gob.ec\/wp-content\/uploads\/2017\/06\/hoja-de-ruta-rectificada.pdf\" class=\"gde-link\">Descargar (PDF, Desconocido)<\/a><\/p>\n<iframe src=\"\/\/docs.google.com\/viewer?url=https%3A%2F%2Fold.gobiernodezapotillo.gob.ec%2Fwp-content%2Fuploads%2F2017%2F06%2Fofcio-CPCCS.pdf&hl=es&embedded=true\" class=\"gde-frame\" style=\"width:100%; height:500px; border: none;\" scrolling=\"no\"><\/iframe>\n<p class=\"gde-text\"><a href=\"https:\/\/old.gobiernodezapotillo.gob.ec\/wp-content\/uploads\/2017\/06\/ofcio-CPCCS.pdf\" class=\"gde-link\">Descargar (PDF, Desconocido)<\/a><\/p>\n<iframe src=\"\/\/docs.google.com\/viewer?url=https%3A%2F%2Fold.gobiernodezapotillo.gob.ec%2Fwp-content%2Fuploads%2F2017%2F06%2Foficio-presidente-barrios-GAbriel-MArtinez.pdf&hl=es&embedded=true\" class=\"gde-frame\" style=\"width:100%; height:500px; border: none;\" scrolling=\"no\"><\/iframe>\n<p class=\"gde-text\"><a href=\"https:\/\/old.gobiernodezapotillo.gob.ec\/wp-content\/uploads\/2017\/06\/oficio-presidente-barrios-GAbriel-MArtinez.pdf\" class=\"gde-link\">Descargar (PDF, Desconocido)<\/a><\/p>\n<iframe src=\"\/\/docs.google.com\/viewer?url=https%3A%2F%2Fold.gobiernodezapotillo.gob.ec%2Fwp-content%2Fuploads%2F2017%2F06%2Ftemas-y-preguntas-enviado-por-el-CPZ-al-GADZ.pdf&hl=es&embedded=true\" class=\"gde-frame\" style=\"width:100%; height:500px; border: none;\" scrolling=\"no\"><\/iframe>\n<p class=\"gde-text\"><a href=\"https:\/\/old.gobiernodezapotillo.gob.ec\/wp-content\/uploads\/2017\/06\/temas-y-preguntas-enviado-por-el-CPZ-al-GADZ.pdf\" class=\"gde-link\">Descargar (PDF, Desconocido)<\/a><\/p>\n<p><img loading=\"lazy\" class=\"alignnone size-full wp-image-2300\" src=\"https:\/\/old.gobiernodezapotillo.gob.ec\/wp-content\/uploads\/2017\/06\/DSC_8461.jpg\" alt=\"\" width=\"4928\" height=\"3264\" srcset=\"https:\/\/old.gobiernodezapotillo.gob.ec\/wp-content\/uploads\/2017\/06\/DSC_8461.jpg 4928w, https:\/\/old.gobiernodezapotillo.gob.ec\/wp-content\/uploads\/2017\/06\/DSC_8461-1546x1024.jpg 1546w, https:\/\/old.gobiernodezapotillo.gob.ec\/wp-content\/uploads\/2017\/06\/DSC_8461-768x509.jpg 768w, https:\/\/old.gobiernodezapotillo.gob.ec\/wp-content\/uploads\/2017\/06\/DSC_8461-226x150.jpg 226w, https:\/\/old.gobiernodezapotillo.gob.ec\/wp-content\/uploads\/2017\/06\/DSC_8461-150x99.jpg 150w\" sizes=\"(max-width: 4928px) 100vw, 4928px\" \/> <img loading=\"lazy\" class=\"alignnone size-full wp-image-2301\" src=\"https:\/\/old.gobiernodezapotillo.gob.ec\/wp-content\/uploads\/2017\/06\/DSC_8462.jpg\" alt=\"\" width=\"4928\" height=\"3264\" srcset=\"https:\/\/old.gobiernodezapotillo.gob.ec\/wp-content\/uploads\/2017\/06\/DSC_8462.jpg 4928w, https:\/\/old.gobiernodezapotillo.gob.ec\/wp-content\/uploads\/2017\/06\/DSC_8462-1546x1024.jpg 1546w, https:\/\/old.gobiernodezapotillo.gob.ec\/wp-content\/uploads\/2017\/06\/DSC_8462-768x509.jpg 768w, https:\/\/old.gobiernodezapotillo.gob.ec\/wp-content\/uploads\/2017\/06\/DSC_8462-226x150.jpg 226w, https:\/\/old.gobiernodezapotillo.gob.ec\/wp-content\/uploads\/2017\/06\/DSC_8462-150x99.jpg 150w\" sizes=\"(max-width: 4928px) 100vw, 4928px\" \/> <img loading=\"lazy\" class=\"alignnone size-full wp-image-2302\" src=\"https:\/\/old.gobiernodezapotillo.gob.ec\/wp-content\/uploads\/2017\/06\/DSC_8463.jpg\" alt=\"\" width=\"4928\" height=\"3264\" srcset=\"https:\/\/old.gobiernodezapotillo.gob.ec\/wp-content\/uploads\/2017\/06\/DSC_8463.jpg 4928w, https:\/\/old.gobiernodezapotillo.gob.ec\/wp-content\/uploads\/2017\/06\/DSC_8463-1546x1024.jpg 1546w, https:\/\/old.gobiernodezapotillo.gob.ec\/wp-content\/uploads\/2017\/06\/DSC_8463-768x509.jpg 768w, https:\/\/old.gobiernodezapotillo.gob.ec\/wp-content\/uploads\/2017\/06\/DSC_8463-226x150.jpg 226w, https:\/\/old.gobiernodezapotillo.gob.ec\/wp-content\/uploads\/2017\/06\/DSC_8463-150x99.jpg 150w\" sizes=\"(max-width: 4928px) 100vw, 4928px\" \/> <img loading=\"lazy\" class=\"alignnone size-full wp-image-2303\" src=\"https:\/\/old.gobiernodezapotillo.gob.ec\/wp-content\/uploads\/2017\/06\/DSC_8465.jpg\" alt=\"\" width=\"4928\" height=\"3264\" srcset=\"https:\/\/old.gobiernodezapotillo.gob.ec\/wp-content\/uploads\/2017\/06\/DSC_8465.jpg 4928w, https:\/\/old.gobiernodezapotillo.gob.ec\/wp-content\/uploads\/2017\/06\/DSC_8465-1546x1024.jpg 1546w, https:\/\/old.gobiernodezapotillo.gob.ec\/wp-content\/uploads\/2017\/06\/DSC_8465-768x509.jpg 768w, https:\/\/old.gobiernodezapotillo.gob.ec\/wp-content\/uploads\/2017\/06\/DSC_8465-226x150.jpg 226w, https:\/\/old.gobiernodezapotillo.gob.ec\/wp-content\/uploads\/2017\/06\/DSC_8465-150x99.jpg 150w\" sizes=\"(max-width: 4928px) 100vw, 4928px\" \/> <img loading=\"lazy\" class=\"alignnone size-full wp-image-2304\" src=\"https:\/\/old.gobiernodezapotillo.gob.ec\/wp-content\/uploads\/2017\/06\/DSC_8467.jpg\" alt=\"\" width=\"4928\" height=\"3264\" srcset=\"https:\/\/old.gobiernodezapotillo.gob.ec\/wp-content\/uploads\/2017\/06\/DSC_8467.jpg 4928w, https:\/\/old.gobiernodezapotillo.gob.ec\/wp-content\/uploads\/2017\/06\/DSC_8467-1546x1024.jpg 1546w, https:\/\/old.gobiernodezapotillo.gob.ec\/wp-content\/uploads\/2017\/06\/DSC_8467-768x509.jpg 768w, https:\/\/old.gobiernodezapotillo.gob.ec\/wp-content\/uploads\/2017\/06\/DSC_8467-226x150.jpg 226w, https:\/\/old.gobiernodezapotillo.gob.ec\/wp-content\/uploads\/2017\/06\/DSC_8467-150x99.jpg 150w\" sizes=\"(max-width: 4928px) 100vw, 4928px\" \/> <img loading=\"lazy\" class=\"alignnone size-full wp-image-2305\" src=\"https:\/\/old.gobiernodezapotillo.gob.ec\/wp-content\/uploads\/2017\/06\/DSC_8469.jpg\" alt=\"\" width=\"4928\" height=\"3264\" srcset=\"https:\/\/old.gobiernodezapotillo.gob.ec\/wp-content\/uploads\/2017\/06\/DSC_8469.jpg 4928w, https:\/\/old.gobiernodezapotillo.gob.ec\/wp-content\/uploads\/2017\/06\/DSC_8469-1546x1024.jpg 1546w, https:\/\/old.gobiernodezapotillo.gob.ec\/wp-content\/uploads\/2017\/06\/DSC_8469-768x509.jpg 768w, https:\/\/old.gobiernodezapotillo.gob.ec\/wp-content\/uploads\/2017\/06\/DSC_8469-226x150.jpg 226w, https:\/\/old.gobiernodezapotillo.gob.ec\/wp-content\/uploads\/2017\/06\/DSC_8469-150x99.jpg 150w\" sizes=\"(max-width: 4928px) 100vw, 4928px\" \/> <img loading=\"lazy\" class=\"alignnone size-full wp-image-2306\" src=\"https:\/\/old.gobiernodezapotillo.gob.ec\/wp-content\/uploads\/2017\/06\/DSC_8470.jpg\" alt=\"\" width=\"4928\" height=\"3264\" srcset=\"https:\/\/old.gobiernodezapotillo.gob.ec\/wp-content\/uploads\/2017\/06\/DSC_8470.jpg 4928w, https:\/\/old.gobiernodezapotillo.gob.ec\/wp-content\/uploads\/2017\/06\/DSC_8470-1546x1024.jpg 1546w, https:\/\/old.gobiernodezapotillo.gob.ec\/wp-content\/uploads\/2017\/06\/DSC_8470-768x509.jpg 768w, https:\/\/old.gobiernodezapotillo.gob.ec\/wp-content\/uploads\/2017\/06\/DSC_8470-226x150.jpg 226w, https:\/\/old.gobiernodezapotillo.gob.ec\/wp-content\/uploads\/2017\/06\/DSC_8470-150x99.jpg 150w\" sizes=\"(max-width: 4928px) 100vw, 4928px\" \/> <img loading=\"lazy\" class=\"alignnone size-full wp-image-2307\" src=\"https:\/\/old.gobiernodezapotillo.gob.ec\/wp-content\/uploads\/2017\/06\/DSC_8475.jpg\" alt=\"\" width=\"4928\" height=\"3264\" srcset=\"https:\/\/old.gobiernodezapotillo.gob.ec\/wp-content\/uploads\/2017\/06\/DSC_8475.jpg 4928w, https:\/\/old.gobiernodezapotillo.gob.ec\/wp-content\/uploads\/2017\/06\/DSC_8475-1546x1024.jpg 1546w, https:\/\/old.gobiernodezapotillo.gob.ec\/wp-content\/uploads\/2017\/06\/DSC_8475-768x509.jpg 768w, https:\/\/old.gobiernodezapotillo.gob.ec\/wp-content\/uploads\/2017\/06\/DSC_8475-226x150.jpg 226w, https:\/\/old.gobiernodezapotillo.gob.ec\/wp-content\/uploads\/2017\/06\/DSC_8475-150x99.jpg 150w\" sizes=\"(max-width: 4928px) 100vw, 4928px\" \/> <img loading=\"lazy\" class=\"alignnone size-full wp-image-2308\" src=\"https:\/\/old.gobiernodezapotillo.gob.ec\/wp-content\/uploads\/2017\/06\/DSC_8477.jpg\" alt=\"\" width=\"4928\" height=\"3264\" srcset=\"https:\/\/old.gobiernodezapotillo.gob.ec\/wp-content\/uploads\/2017\/06\/DSC_8477.jpg 4928w, https:\/\/old.gobiernodezapotillo.gob.ec\/wp-content\/uploads\/2017\/06\/DSC_8477-1546x1024.jpg 1546w, https:\/\/old.gobiernodezapotillo.gob.ec\/wp-content\/uploads\/2017\/06\/DSC_8477-768x509.jpg 768w, https:\/\/old.gobiernodezapotillo.gob.ec\/wp-content\/uploads\/2017\/06\/DSC_8477-226x150.jpg 226w, https:\/\/old.gobiernodezapotillo.gob.ec\/wp-content\/uploads\/2017\/06\/DSC_8477-150x99.jpg 150w\" sizes=\"(max-width: 4928px) 100vw, 4928px\" \/><\/p>\n<p><img loading=\"lazy\" class=\"alignnone size-full wp-image-2305\" src=\"https:\/\/old.gobiernodezapotillo.gob.ec\/wp-content\/uploads\/2017\/06\/DSC_8469.jpg\" alt=\"\" width=\"4928\" height=\"3264\" srcset=\"https:\/\/old.gobiernodezapotillo.gob.ec\/wp-content\/uploads\/2017\/06\/DSC_8469.jpg 4928w, https:\/\/old.gobiernodezapotillo.gob.ec\/wp-content\/uploads\/2017\/06\/DSC_8469-1546x1024.jpg 1546w, https:\/\/old.gobiernodezapotillo.gob.ec\/wp-content\/uploads\/2017\/06\/DSC_8469-768x509.jpg 768w, https:\/\/old.gobiernodezapotillo.gob.ec\/wp-content\/uploads\/2017\/06\/DSC_8469-226x150.jpg 226w, https:\/\/old.gobiernodezapotillo.gob.ec\/wp-content\/uploads\/2017\/06\/DSC_8469-150x99.jpg 150w\" sizes=\"(max-width: 4928px) 100vw, 4928px\" \/> <iframe src=\"\/\/docs.google.com\/viewer?url=https%3A%2F%2Fold.gobiernodezapotillo.gob.ec%2Fwp-content%2Fuploads%2F2017%2F06%2FActas.pdf&hl=es&embedded=true\" class=\"gde-frame\" style=\"width:100%; height:500px; border: none;\" scrolling=\"no\"><\/iframe>\n<p class=\"gde-text\"><a href=\"https:\/\/old.gobiernodezapotillo.gob.ec\/wp-content\/uploads\/2017\/06\/Actas.pdf\" class=\"gde-link\">Descargar (PDF, Desconocido)<\/a><\/p> <iframe src=\"\/\/docs.google.com\/viewer?url=https%3A%2F%2Fold.gobiernodezapotillo.gob.ec%2Fwp-content%2Fuploads%2F2017%2F06%2FActas-1.pdf&hl=es&embedded=true\" class=\"gde-frame\" style=\"width:100%; height:500px; border: none;\" scrolling=\"no\"><\/iframe>\n<p class=\"gde-text\"><a href=\"https:\/\/old.gobiernodezapotillo.gob.ec\/wp-content\/uploads\/2017\/06\/Actas-1.pdf\" class=\"gde-link\">Descargar (PDF, Desconocido)<\/a><\/p>\n","protected":false},"excerpt":{"rendered":"<p>FASES DEL PROCESO DE RENDICI\u00d3N DE CUENTAS Fase 1 LA CIUDADAN\u00cdA \/ ASAMBLEA LOCAL CIUDADANA PRESENT\u00d3 LA LISTA DE TEMAS SOBRE LOS QUE DESEA SER&hellip;<\/p>\n","protected":false},"author":1,"featured_media":0,"parent":0,"menu_order":0,"comment_status":"closed","ping_status":"closed","template":"","meta":[],"_links":{"self":[{"href":"https:\/\/old.gobiernodezapotillo.gob.ec\/index.php?rest_route=\/wp\/v2\/pages\/2230"}],"collection":[{"href":"https:\/\/old.gobiernodezapotillo.gob.ec\/index.php?rest_route=\/wp\/v2\/pages"}],"about":[{"href":"https:\/\/old.gobiernodezapotillo.gob.ec\/index.php?rest_route=\/wp\/v2\/types\/page"}],"author":[{"embeddable":true,"href":"https:\/\/old.gobiernodezapotillo.gob.ec\/index.php?rest_route=\/wp\/v2\/users\/1"}],"replies":[{"embeddable":true,"href":"https:\/\/old.gobiernodezapotillo.gob.ec\/index.php?rest_route=%2Fwp%2Fv2%2Fcomments&post=2230"}],"version-history":[{"count":13,"href":"https:\/\/old.gobiernodezapotillo.gob.ec\/index.php?rest_route=\/wp\/v2\/pages\/2230\/revisions"}],"predecessor-version":[{"id":2319,"href":"https:\/\/old.gobiernodezapotillo.gob.ec\/index.php?rest_route=\/wp\/v2\/pages\/2230\/revisions\/2319"}],"wp:attachment":[{"href":"https:\/\/old.gobiernodezapotillo.gob.ec\/index.php?rest_route=%2Fwp%2Fv2%2Fmedia&parent=2230"}],"curies":[{"name":"wp","href":"https:\/\/api.w.org\/{rel}","templated":true}]}}